 w = -3 - 6. Determine l(w).
5
Let x(r) = -r**3 - r**2 + 3*r - 1. Suppose -w + 1 = -1. Calculate x(w).
-7
Let s be (4/(-6))/(2/6). Let k(h) = 6*h + 15. Let j(l) = 5*l + 12. Let w(t) = 4*j(t) - 3*k(t). Give w(s).
-1
Let p(i) be the first derivative of -1/4*i**4 - 7/3*i**3 - 5/2*i**2 + i + 2. Determine p(-6).
-5
Let o be -1 + (-2 - -1*6). Suppose 1 = -o*i + 16. Let m(x) be the second derivative of x**4/12 - 5*x**3/6 - 5*x**2/2 + 2*x. Determine m(i).
-5
Let r(f) = 2*f**3 + 2*f**2 - 1. Let l be r(1). Suppose -5*g + l*n = 2*n - 2, -5*g - 3*n - 6 = 0. Let j(h) = h + 7. Calculate j(g).
7
Let h(u) = 5*u**3 - 1 + 0*u**2 + u**2 - 7*u**3 - u. Determine h(-1).
3
Let w(f) be the first derivative of f**2/2 - 12. Give w(-1).
-1
Suppose 4*z - 5*n - 36 = 0, -3*z + 1 = 5*n + 9. Let h(v) = v**2 + 2*v - 6. Give h(z).
18
Let z(v) = -v**3 - 5*v**2 - 6*v - 2. Suppose 3*h - 4*h - 4 = 0. Give z(h).
6
Let s(t) = t**2 - 21 + 0*t**2 - t**3 + 18 + 2*t. Determine s(2).
-3
Let k(z) = -z**2 + 12 + 10 - z - 21. Calculate k(1).
-1
Let g(x) = -x**2 - 7*x - 6. Let p(u) = u**3 - 6*u**2 + 5*u - 5. Suppose -3*a + 7 = -8. Let j be p(a). Give g(j).
4
Suppose -5 = 2*v - 3*v. Suppose c = 5*w - w + 14, -7 = -3*c + v*w. Let q(t) = 2*t - 11. Let z(x) = 3*x - 22. Let a(n) = -5*q(n) + 3*z(n). What is a(c)?
-5
Let i = -1 - -6. Let x = -3 + i. Let v(m) = 1 + x*m + 2*m - 3*m - 4. Determine v(4).
1
Let t(b) = -b**3 + 7*b**2 - 5*b - 3. Let x be t(6). Let n be (-1 - x/(-6))*6. Let z(a) be the second derivative of -a**4/6 - 5*a**3/6 - a**2 + 2*a. Give z(n).
-5
Let d = 5 - -6. Let h = d + -7. Suppose 5 - 21 = h*n. Let z(r) = r**2 + 3*r - 3. Determine z(n).
1
Let g(s) be the first derivative of -s**3/3 - s**2/2 - s + 1. Suppose -u + 5*j + 19 = 0, -6*j - 14 = -2*u - 2*j. Let o be (-7 + 3)*u/2. Calculate g(o).
-7
Suppose 10 = 5*k + 35. Let f(v) = v**3 + 4*v**2 - 7*v + 2. Give f(k).
12
Let s(r) be the third derivative of 11*r**6/720 - r**5/120 - r**4/24 + r**2. Let f(k) be the second derivative of s(k). Determine f(1).
10
Let o be (3/2)/((-5)/10). Let h(g) = -3*g + 3. Determine h(o).
12
Let m(q) = -14*q**3 - 2*q + 1. Suppose -7*w + 5 = -2*w. Give m(w).
-15
Let q(u) = 0 - 5*u + 0 - u**2 + 3 + 1. Determine q(-5).
4
Let u be 2*3/(-6)*5. Let z(r) = -r**2 - 6*r - 2. Let w be z(u). Let k(d) be the first derivative of d**3/3 - 3*d**2/2 - d + 1. Calculate k(w).
-1
Let g(x) be the second derivative of -x**3/6 - x**2 + 17*x. Calculate g(-1).
-1
Let b(j) = j**3 - 4*j**2 + j + 1. Let f be 2/((9/6)/3). What is b(f)?
5
Let u(m) = 6*m + 4 + 0*m - 1. Determine u(-2).
-9
Suppose 0 = 6*b + 18 - 6. Let p(m) = 2*m**2 - 3*m - 1. What is p(b)?
13
Suppose -p + 4*x - 3*x = -1, 3 = -5*p - 3*x. Let f(z) = z**2 - z - 2. What is f(p)?
-2
Let d(s) = -5*s + 1. Let r be 0/1 - 2 - 4. Let n(m) = -m. Let i(c) = r*n(c) + d(c). Let k(f) = -2. Let z(t) = 2*i(t) + k(t). Determine z(1).
2
Let q(r) = -4*r**2 - 7*r - 6. Let d(o) = -o**2 - 1. Let x(j) = 3*d(j) - q(j). Let w be x(-6). Let m(t) = 0 + 2*t + 2 + 2. What is m(w)?
-2
Let y(n) be the first derivative of -n + 0*n**2 - 4/3*n**3 + 11 + 1/4*n**4. Suppose -5*h = -11 + 1, -2*a - 5*h + 18 = 0. What is y(a)?
-1
Suppose -2*z - 6 = -4*z. Let d(p) be the first derivative of p**3/3 - 3*p**2/2 - p + 2. What is d(z)?
-1
Let w(r) = -14*r + 11*r + 2*r. Calculate w(8).
-8
Let o(i) be the third derivative of 1/6*i**3 - 1/60*i**5 + 0 - 2*i**2 + 0*i - 1/24*i**4 - 1/120*i**6. Determine o(0).
1
Let q(a) = -a**3 + 10*a**2 - 2*a + 15. Let v = 12 + -2. Let i be q(v). Let r(d) = d**3 + 4*d**2 - 5*d - 6. Give r(i).
-6
Let i(t) = -4*t + 4. Let a(q) = q - 1. Let w = -45 - -84. Suppose 4*n + 11 = w. Let x(j) = n*a(j) + 2*i(j). Give x(-3).
4
Let h(f) = -f + 6. Suppose -9 = -3*m - 3. Let w be (-3)/9 + m/6. Determine h(w).
6
Let p(f) = -2*f - 1. Let n = -21 + 24. Determine p(n).
-7
Let o be (2 - 8/3)*-33. Suppose 2 = 4*q - o. Let l(m) = -m**2 + 6*m - 3. Give l(q).
-3
Let f(n) = -2*n**2 - n - 1. Let x be f(-1). Let v(a) be the first derivative of -a**2 + 2*a + 54. Give v(x).
6
Let l(m) = -5*m - 11. Let t be l(-3). Let x(u) = u. Let c(f) = -f. Let n(a) = -3*c(a) - x(a). What is n(t)?
8
Suppose -3*u = 5*w - 55 - 9, u - 2*w = 14. Suppose 2*x = -5*y + u - 6, 0 = -5*y + 4*x + 36. Let r(v) = 1 - y + 1 - v**2 + v. What is r(0)?
-2
Let i(o) = 17*o**2 + 6*o. Suppose -2*x - 2*x - 28 = 0. Let f(u) = 16*u**2 + 5*u. Let q(w) = x*f(w) + 6*i(w). Give q(-1).
-11
Let b(u) = u**2 + 6*u + 0*u - 8*u. Calculate b(-3).
15
Let u(c) = 0 + 0 + 1 - 2 - 3*c. Give u(-1).
2
Let x(l) = -2*l - 19. Let a be x(-5). Let j(k) = k**2 + 7*k + 5. Calculate j(a).
23
Let w(l) = l**2 + 3*l. Suppose 0 = 10*c - 3*c + 35. Give w(c).
10
Let a = -4 - -4. Suppose 4*u = -a*u + 8. Let k(w) = -4*w - 1 - 5*w + 3*w - w**3 - 2*w**u - 3*w**2. Calculate k(-4).
7
Let k be ((-12)/(-7))/(4/14). Let z(u) = -u**2 + 6*u - 6. Determine z(k).
-6
Let m = 3 + 3. Let w(j) be the third derivative of j**4/24 - 5*j**3/6 + j**2. Calculate w(m).
1
Let q(l) = l**2 + 7*l - 5. Suppose -10 = 18*v - 16*v. What is q(v)?
-15
Let z(k) = -4*k**2 + 2*k - 7*k**3 - 1 + 6*k**3 + 2*k**3. Let f be ((-8)/10)/(1/(-5)). Give z(f).
7
Let v(c) = 1. Let a(s) = s**3 + 3*s**2 + 3*s + 9. Let q = 18 + -12. Let o(h) = q*v(h) - a(h). What is o(-3)?
6
Let r(n) = -9*n - 1 + 0*n - 6*n**2 - 2*n + 10*n. Let h(t) = -t + 2. Let l be h(3). Give r(l).
-6
Suppose -12 = -4*d + 24. Suppose 0 = u + 4*a - 15, 5*u - a = u + d. Let f(x) = -x + x**u - 8*x**2 + 4*x**2 - 4 - 2*x**3. Calculate f(-4).
0
Let k(v) = 1. Let u(m) = -m + 6. Let j(g) = 3*k(g) - u(g). Let l = 6 - 1. Let c = l - 5. What is j(c)?
-3
Let p(a) = 4*a - 10. Let w(o) = -10*o + 4*o + 29 - 6*o. Let d(k) = 11*p(k) + 4*w(k). What is d(5)?
-14
Suppose 5*f = 4*f. Let w(z) = -z + 6. Let v be w(6). Let u(h) = -3*h**2 + v*h**2 - h - 2 + 4 + 2*h**2 + h**3. Give u(f).
2
Let f(n) be the third derivative of -n**4/6 + n**3/3 + 14*n**2. Calculate f(2).
-6
Let i(l) = 3*l**2 - 2*l + 1. Let p = -10 - -15. Suppose 5*t - 5*c - p = 0, 5*c - 6 = -5*t - 1. What is i(t)?
2
Let m(p) be the second derivative of -2*p**3/3 + 2*p**2 + 8*p. Let t(c) = -2 - 3 + 7*c - 3. Let r(h) = 5*m(h) + 3*t(h). Determine r(5).
1
Let v(o) be the third derivative of 0 + o**2 + 1/2*o**3 + 1/24*o**4 + 0*o. Calculate v(-4).
-1
Let f(v) = 1. Let s(g) = g + 6. Let p = -6 - -9. Suppose 0 = -2*w - p*w - 15. Let n(b) = w*f(b) + s(b). Calculate n(5).
8
Let u be ((-9)/(-3))/((-1)/(-3)). Suppose 3*n = -0*n - u. Let a(l) = -l - 4. Calculate a(n).
-1
Let g(b) = 0 + 1 + 4*b - 2*b - 7. Determine g(7).
8
Let w(v) = 3*v + 5. Suppose -5*o + 10 = -10*o. Let m be w(o). Let y(f) = -3*f + 0*f**2 + 6*f**3 + 2*f**2 + 4*f. Determine y(m).
-5
Let r(p) = 6*p**2 + 2*p + 1. Let c be (-48)/20 - 4/(-10). Let w be c/2 - 0/1. Give r(w).
5
Let m(q) = 11*q**2 - 3*q - 5. Let l(n) = -6*n**2 + 2*n + 3. Let i(d) = 5*l(d) + 3*m(d). Calculate i(-1).
2
Suppose -2*i + 3*i = 4*y - 17, -5*i + 5*y - 40 = 0. Let a(b) = b**2 + 3*b - 1. What is a(i)?
9
Let o(c) = -1. Let s(v) = v**3 + 2*v**2 + 2*v - 5. Let y(l) = -3*o(l) + s(l). Give y(-2).
-6
Let l(q) = 7*q**2 - 6*q**2 - 3 - 7*q + 13. Let d be (-4)/(-2) + (6 - 1). Let h(f) = -2*f**2 + 14*f - 19. Let k(j) = d*l(j) + 4*h(j). What is k(4)?
6
Let b(o) = o**3 + 6*o**2 - 8. Let v = -128 + 122. What is b(v)?
-8
Let v be (-2 - -2)/((-2)/2). Suppose -8 = -v*t + 4*t. Let c(x) = x**2 - 2*x - 3. What is c(t)?
5
Let v(m) = 0*m + 0*m + 1 + 8*m**2. Let q be (-30)/40 + (-11)/(-4). Suppose 0 = a - 2, 3*r + 4 - 5 = -q*a. Calculate v(r).
9
Let h(t) = -2*t. Let u = 63 + -57. Calculate h(u).
-12
Let j = -82 + 79. Let d(y) = -y**2 - y + 2. Calculate d(j).
-4
Let f(a) = 3*a**3 + 6*a**2 - 3*a + 6. Let n(d) = d**3 + d**2. Let p(l) = f(l) - 2*n(l). Give p(-5).
-4
Let l = -39 + 41. Let p(r) be the second derivative of 1/12*r**4 - 4*r**l + 2/3*r**3 + 0 + 3*r. What is p(-6)?
4
Let a be (-24)/9*6/(-4). Let m = 0 - a. Let d(u) be the second derivative of -u**3/3 - 3*u**2/2 + 46*u. Calculate d(m).
5
Let n(i) = i + 1. Let c(m) = -5*m - 3. Let x(h) = -c(h) - 4*n(h). Let w = 2 + -6. Determine x(w).
-5
Let b(s) = -s**2 - 7*s + 9. Let d be -16*8/16 - (-2)/2. What is b(d)?
9
Let x be (-1 + 0)/(-1 - -2). Let g(f) = 2*f**3 - 3*f**2 + 4*f - 3. Let k(p) = -p**3 - p + 1. Let o(n) = x*g(n) - k(n). Give o(2).
0
Let r(l) be the third derivative of